- (-28)/(-182)). Suppose -4*s + v = -47. What is the highest common divisor of s and c?
3
Let k be 3*25/45*3552/80. What is the highest common divisor of 2 and k?
2
Suppose 18 + 3 = x. What is the greatest common factor of 15 and x?
3
Suppose 6*d + 281 = 569. Calculate the highest common factor of 10 and d.
2
Let v(t) = 2*t**3 + 6*t**2 + 7*t + 1. Let i be v(-3). Let k = -6 - i. What is the greatest common factor of 21 and k?
7
Suppose -4*d - 30065 = d. Let w = d - -2881. Let h be w/(-78) - 4/26. What is the highest common divisor of h and 16?
8
Suppose 965 = 19*k + 243. What is the greatest common divisor of k and 304?
38
Let n(j) = -13*j**2 + 2*j - 1. Let b be n(-2). Let p = b - -74. What is the greatest common divisor of p and 51?
17
Let w = 30 + -37. Let x(y) = -y + 5. Let m be x(w). What is the highest common factor of m and 24?
12
Let c be 102798/63 + (-2)/(-7). Calculate the highest common factor of c and 102.
102
Let i be 6/(-5)*(-15950)/174. Suppose a - 5*y + 4 = 0, 3 + 14 = a + 2*y. Calculate the greatest common divisor of i and a.
11
Suppose -4*p + 7*w = 12*w - 71, 0 = -4*w - 20. Calculate the highest common factor of p and 132.
12
Let s(g) be the second derivative of -5/6*g**3 + 2*g + 3/2*g**2 + 0 + 1/12*g**4. Let q be s(-7). What is the greatest common factor of q and 29?
29
Let i(w) = w**3 - 2*w**2 + 2*w. Let v be i(4). Suppose v = 4*p - 2*z, z = -4*p + 49 + 3. Let o be p*-3*4/(-12). Calculate the highest common factor of 12 and o.
12
Let r be (-27)/(-1) + (1 - 5). Let c = -14 + r. Suppose -4*n = 20, -4*y + 2*n = -0*y - 334. What is the highest common factor of y and c?
9
Let d be (2/(-3))/(1/(-45)). Let n be (-990)/(-88)*8/6. Calculate the greatest common factor of d and n.
15
Let c = 841 + -434. What is the highest common divisor of c and 74?
37
Let h(j) be the first derivative of -5*j**2/2 + 11*j + 23. Let n be h(-14). Calculate the highest common factor of n and 9.
9
Let i be 1 + -6 + (-2 - -15). What is the highest common divisor of 10 and i?
2
Let s = 131 + -32. Calculate the greatest common divisor of s and 11.
11
Let n be (4010/(-4))/(-5) + (-77)/154. Let c(w) = -5*w - 5. Let s be c(-6). Calculate the highest common factor of n and s.
25
Let i = -225 - -316. Suppose 10*b - 991 = -i. Calculate the highest common factor of 10 and b.
10
Let h(i) = -4*i + 54. Let l be h(11). Suppose 2 = -3*g - 13. Let q = -3 - g. Calculate the greatest common divisor of l and q.
2
Suppose -2*l = -3*u + 70, 25 = 2*u - l - 20. Suppose -306 = -3*q + 3*w, -192 = -2*q - 0*q - 4*w. Calculate the greatest common factor of q and u.
20
Suppose -2*h - 792 = -5*h. Suppose 11 = q + 14. Let u be -2 + (28 + q - -1). Calculate the greatest common divisor of u and h.
24
Suppose 4 = 2*s - 4. Suppose 0 = s*c - c - 156. Suppose -3*p = -c + 16. What is the highest common factor of 84 and p?
12
Suppose 22*k - 213 = 667. Let a(y) be the second derivative of 17*y**5/20 - y**4/12 + y. Let g be a(1). What is the highest common divisor of k and g?
8
Let q = -24 + 42. Suppose 9*d + 936 = 22*d. Calculate the greatest common divisor of q and d.
18
Suppose b = 19 - 8. Let x(c) = b*c**2 - c - 10 - c**3 + 6*c - 3*c**2. Let h be x(8). Calculate the highest common factor of h and 10.
10
Suppose -4*t - 3*r + 2*r + 37 = 0, -25 = -4*t - 5*r. Let o = -9 + t. Let h be -2 + o + (-832)/(-4). Calculate the highest common factor of h and 23.
23
Let o(z) = -2*z**3 + 15*z**2 + 10*z - 7. Let v be o(8). What is the greatest common factor of v and 108?
9
Let v(p) = -3*p - 5. Let a be v(-5). Let n be ((-8)/(-9))/((-18)/(-81)). Calculate the highest common divisor of n and a.
2
Suppose t - 9 = -2*d, -t = -5*d + t. Suppose d*p - 238 = 202. Suppose 4*w - 6*c + 2*c = p, 5*w = -3*c + 283. Calculate the greatest common factor of 8 and w.
8
Suppose 13*g = 32*g - 1064. What is the highest common factor of 24 and g?
8
Let t be (-10 + 6)/((-1)/20). What is the greatest common factor of t and 440?
40
Let l = 63 + 63. What is the greatest common divisor of 72 and l?
18
Let o = 63 + -60. Suppose 336 = 3*d + o*d. What is the greatest common divisor of d and 14?
14
Suppose 2*a - 12 = -a - 2*t, -4*a + 12 = 4*t. Suppose a - 27 = -r. What is the highest common divisor of 56 and r?
7
Suppose 4*d - 7 = 49. Suppose 0*b - 5*g = -5*b + 485, 296 = 3*b + 2*g. What is the highest common factor of b and d?
14
Let u be (-16)/(-40)*1*350. What is the highest common factor of 490 and u?
70
Suppose -4*r + 16 = 4*r. Suppose 0 = r*s - 334 - 458. Calculate the highest common divisor of s and 44.
44
Suppose -2*o + 44 = 4*f, f + 29 = 2*f + 5*o. Suppose r - 35 = -6*r. Let v be 2/r - 493/(-5). Calculate the highest common factor of f and v.
9
Suppose 71*b - 79*b + 624 = 0. Calculate the highest common factor of 182 and b.
26
Let g be ((-91)/(-26))/(5/330). Calculate the greatest common divisor of g and 42.
21
Let d be -1 + (-3)/(-1) - 1. Let n be 62 + (-1)/d - 1. Suppose 13969 = 187*f - 14081. What is the greatest common divisor of n and f?
30
Let y = 1152 - 1033. What is the highest common factor of y and 7?
7
Let z be -365*(72/(-140))/(36/168). Calculate the greatest common factor of z and 36.
12
Let i be (-64)/(-80)*1*5. Let x(o) = -o**2 + 3*o - 3. Let u be x(3). Let j = i - u. Calculate the greatest common factor of 7 and j.
7
Suppose 4*s - 19 = 5. Let j be -6 - 5 - -3*1. Let b = -2 - j. What is the greatest common divisor of s and b?
6
Suppose -31*j = -29*j - 28. Calculate the highest common divisor of 182 and j.
14
Let g be 5 + 38/(-8) - (-59)/4. Calculate the greatest common factor of g and 240.
15
Suppose 2*o - 120 = -10*o. Calculate the greatest common factor of 5 and o.
5
Let b be 774/54 - 4/(-6). Suppose -155 = -a - 5*y, -a - 4*y + 286 = a. Calculate the greatest common divisor of a and b.
15
Let l = 495 - 271. Calculate the highest common factor of l and 28.
28
Let s(a) = 60*a + 87. Let o be s(17). Suppose o = 26*m - 1181. Let b(u) = 2*u**2 + 6*u. Let i be b(-4). What is the highest common divisor of i and m?
8
Let y(j) = 27*j + 1. Let r be y(2). Let q = r - -25. Suppose -3*t + 26 = 2*l, 6*l + 4*t = 3*l + 38. Calculate the highest common divisor of l and q.
10
Let q(a) = 60*a**2. Let c be q(1). Suppose 5*g - 385 = -5*d, -27*g = -29*g + d + 148. Calculate the highest common divisor of g and c.
15
Suppose 38*x - 32*x = 3078. Calculate the greatest common factor of 27 and x.
27
Let p(k) = k**3 - 8*k**2 - 16*k + 11. Let w be p(10). Calculate the highest common factor of w and 17.
17
Suppose -15*n + 30 = -45. Suppose -j = -10 - 0. Let d = 0 + j. What is the greatest common divisor of n and d?
5
Let t(r) = r**3 - 3*r**2 + 18*r - 34. Let l be t(6). What is the highest common factor of 455 and l?
91
Let s = 20 + -14. Let d = 383 - 380. What is the highest common factor of d and s?
3
Let f = -51 + 114. What is the highest common factor of 567 and f?
63
Suppose -4*m + 306 = -m. Suppose -3*b = -4*z - 188, 0 = -5*z + 14 + 6. What is the highest common divisor of m and b?
34
Suppose -5*y + 1089 = 229. Suppose b - 52 = -s, 4*s - y = 2*b + 24. Calculate the highest common divisor of s and 20.
10
Suppose 12*u + 495 = 1947. Calculate the greatest common divisor of 11 and u.
11
Suppose -29 = -2*s + 7. Let y = -6 - -150. What is the highest common divisor of s and y?
18
Let z be 170/(-51)*3/(-2)*-2. Let o(j) = -j**2 - 12*j + 7. Let r be o(z). Calculate the highest common divisor of r and 81.
27
Suppose -24*j = -9*j - 4680. Calculate the greatest common factor of j and 117.
39
Let v be -2240*((-370)/50 - -7). What is the highest common factor of v and 56?
56
Suppose -2*f - 2*s - 60 = -6*f, -2*f - 3*s = -46. Let a = -210 + 657. Let u = -260 + a. What is the greatest common factor of f and u?
17
Let n = 13 - 8. Suppose -n*v + 0*v - p = -75, 5*v - 85 = -3*p. Let o = 26 + v. What is the greatest common factor of 8 and o?
8
Suppose -124 = 4*i - 416. Suppose -5*n + 107 = o - 3*o, -o = 3*n - i. Suppose 2*l - 55 + n = 0. Calculate the highest common divisor of l and 32.
16
Suppose -16*l + 17*l + t - 10 = 0, -2*t = 3*l - 25. What is the highest common factor of 5 and l?
5
Let x(c) = c**2 + 2*c + 1. Suppose -13 = -4*l + z, 3*z + 18 = 4*l + l. Suppose 0 = o - 0 + l. Let s be x(o). What is the greatest common divisor of 4 and s?
4
Let u(r) = -